{"id":64,"date":"2025-01-13T18:56:13","date_gmt":"2025-01-13T17:56:13","guid":{"rendered":"https:\/\/www.labeilleraie.fr\/wordpress\/?post_type=product&#038;p=64"},"modified":"2026-03-10T10:36:10","modified_gmt":"2026-03-10T09:36:10","slug":"miel-de-pissenlit-et-merisier-bio","status":"publish","type":"product","link":"https:\/\/www.labeilleraie.fr\/wordpress\/produit\/miel-de-pissenlit-et-merisier-bio\/","title":{"rendered":"Miel de pissenlit et merisier &#8211; bio"},"content":{"rendered":"<p>Un pot (verre) de miel de pissenlit merisier<br \/>\nR\u00e9colt\u00e9 et mis en pot dans les Hautes-Pyr\u00e9n\u00e9es (65) par Olivier Galache<br \/>\nIssue de l&rsquo;agriculture biologique &#8211; certifi\u00e9 par FR-BIO-12<\/p>\n<p><a href=\"http:\/\/labeilleraie.free.fr\/index.php\/le-miel\/lien-miel-de-pissenlit\" target=\"_blank\" rel=\"noopener\">plus d&rsquo;info ici<\/a><\/p>\n","protected":false},"excerpt":{"rendered":"<p>R\u00e9colt\u00e9 et mis en pot dans les Hautes-Pyr\u00e9n\u00e9es (65)<\/p>\n<p>Issue de l&rsquo;agriculture biologique (AB)<\/p>\n<div id=\"simple-translate\" class=\"simple-translate-system-theme\">\n<div>\n<div class=\"simple-translate-button isShow\" style=\"background-image: url('moz-extension:\/\/4e2c2076-bec2-41ec-a2ed-c0b9012b6120\/icons\/512.png'); height: 22px; width: 22px; top: 69px; left: -35px;\"><\/div>\n<div class=\"simple-translate-panel \" style=\"width: 300px; height: 200px; top: 0px; left: 0px; font-size: 13px;\">\n<div class=\"simple-translate-result-wrapper\" style=\"overflow: hidden;\">\n<div class=\"simple-translate-move\" draggable=\"true\"><\/div>\n<div class=\"simple-translate-result-contents\">\n<p class=\"simple-translate-candidate\" dir=\"auto\">\n<\/div>\n<\/div>\n<\/div>\n<\/div>\n<\/div>\n","protected":false},"featured_media":192,"comment_status":"open","ping_status":"closed","template":"","meta":[],"product_brand":[],"product_cat":[20],"product_tag":[31,30],"class_list":{"0":"post-64","1":"product","2":"type-product","3":"status-publish","4":"has-post-thumbnail","6":"product_cat-miel","7":"product_tag-merisier","8":"product_tag-pissenlit","10":"first","11":"instock","12":"taxable","13":"shipping-taxable","14":"purchasable","15":"product-type-variable"},"jetpack_sharing_enabled":true,"_links":{"self":[{"href":"https:\/\/www.labeilleraie.fr\/wordpress\/wp-json\/wp\/v2\/product\/64","targetHints":{"allow":["GET"]}}],"collection":[{"href":"https:\/\/www.labeilleraie.fr\/wordpress\/wp-json\/wp\/v2\/product"}],"about":[{"href":"https:\/\/www.labeilleraie.fr\/wordpress\/wp-json\/wp\/v2\/types\/product"}],"replies":[{"embeddable":true,"href":"https:\/\/www.labeilleraie.fr\/wordpress\/wp-json\/wp\/v2\/comments?post=64"}],"wp:featuredmedia":[{"embeddable":true,"href":"https:\/\/www.labeilleraie.fr\/wordpress\/wp-json\/wp\/v2\/media\/192"}],"wp:attachment":[{"href":"https:\/\/www.labeilleraie.fr\/wordpress\/wp-json\/wp\/v2\/media?parent=64"}],"wp:term":[{"taxonomy":"product_brand","embeddable":true,"href":"https:\/\/www.labeilleraie.fr\/wordpress\/wp-json\/wp\/v2\/product_brand?post=64"},{"taxonomy":"product_cat","embeddable":true,"href":"https:\/\/www.labeilleraie.fr\/wordpress\/wp-json\/wp\/v2\/product_cat?post=64"},{"taxonomy":"product_tag","embeddable":true,"href":"https:\/\/www.labeilleraie.fr\/wordpress\/wp-json\/wp\/v2\/product_tag?post=64"}],"curies":[{"name":"wp","href":"https:\/\/api.w.org\/{rel}","templated":true}]}}